{"id":27,"date":"2013-08-13T04:42:05","date_gmt":"2013-08-13T04:42:05","guid":{"rendered":"http:\/\/www.gabriella-bugari.ch\/?page_id=27"},"modified":"2025-06-22T06:02:01","modified_gmt":"2025-06-22T06:02:01","slug":"indianisches-medizinradwissen","status":"publish","type":"page","link":"https:\/\/www.gabriella-bugari.ch\/?page_id=27","title":{"rendered":"Indianisches Medizinradwissen"},"content":{"rendered":"<p><img decoding=\"async\" loading=\"lazy\" class=\"size-medium wp-image-117 alignright\" src=\"http:\/\/www.gabriella-bugari.ch\/wp-content\/uploads\/2013\/08\/Medizinrad-216x300.jpg\" alt=\"\" width=\"216\" height=\"300\" srcset=\"https:\/\/www.gabriella-bugari.ch\/wp-content\/uploads\/2013\/08\/Medizinrad-216x300.jpg 216w, https:\/\/www.gabriella-bugari.ch\/wp-content\/uploads\/2013\/08\/Medizinrad.jpg 555w\" sizes=\"(max-width: 216px) 100vw, 216px\" \/>In der indianischen Welt wurden die Lehren des Lebens in Form von Medizinr\u00e4dern \u00fcberliefert. Jede Richtung des Rades steht f\u00fcr bestimmte Qualit\u00e4ten und Kr\u00e4fte und ist verbunden mit den anderen Richtungen des Rades.<\/p>\n<p>So stellt jedes Medizinrad einen Kreis der Kraft dar.<\/p>\n<p>Die Medizinr\u00e4der helfen, die Beziehung zwischen allen Wesen des Universums verst\u00e4ndlich zu machen.<\/p>\n<p>Auch die Menschenwelt ist Teil eines solchen Rades. Wir sind verbunden mit den Elementen, Kr\u00e4ften und Welten der Grossmutter Erde.<\/p>\n<p>Diese Kraftkreise helfen uns unser Leben zu verstehen, unserem Leben einen Sinn zu geben. Sie helfen uns zu erfahren, dass unser eigenes Leben im grossen Kreislauf des Universums eingebettet ist.<\/p>\n<p>Die R\u00e4der zeigen uns, wie wir in Einklang mit Grossmutter Erde kommen und Verantwortung f\u00fcr unser Leben \u00fcbernehmen k\u00f6nnen und so Bestimmer des eigenen Lebens sind.<\/p>\n<p>Durch Wissen, \u00dcbungen uns Zeremonien lernen wir uns immer genauer kennen. Wir haben die M\u00f6glichkeit, alte, untaugliche Lebensmuster loszuwerden und so zu einem erf\u00fcllten und gl\u00fccklichen Leben zu kommen.<\/p>\n<p><strong>Kurs zu indianischem Medizinradwissen:<\/strong><\/p>\n<p><a href=\"http:\/\/www.gabriella-bugari.ch\/wp-content\/uploads\/2025\/06\/Einfuehrung-in-das-Wissen-der-Medizinraeder_2025.pdf\" target=\"_blank\" rel=\"noopener\">Einf\u00fchrung in das Wissen der Medizinr\u00e4der 2025<\/a><\/p>\n","protected":false},"excerpt":{"rendered":"<p>In der indianischen Welt wurden die Lehren des Lebens in Form von Medizinr\u00e4dern \u00fcberliefert. Jede Richtung des Rades steht f\u00fcr bestimmte Qualit\u00e4ten und Kr\u00e4fte und ist verbunden mit den anderen Richtungen des Rades. So stellt jedes Medizinrad einen Kreis der &hellip; <a href=\"https:\/\/www.gabriella-bugari.ch\/?page_id=27\">Weiterlesen <span class=\"meta-nav\">&rarr;<\/span><\/a><\/p>\n","protected":false},"author":1,"featured_media":0,"parent":0,"menu_order":1,"comment_status":"closed","ping_status":"closed","template":"","meta":[],"_links":{"self":[{"href":"https:\/\/www.gabriella-bugari.ch\/index.php?rest_route=\/wp\/v2\/pages\/27"}],"collection":[{"href":"https:\/\/www.gabriella-bugari.ch\/index.php?rest_route=\/wp\/v2\/pages"}],"about":[{"href":"https:\/\/www.gabriella-bugari.ch\/index.php?rest_route=\/wp\/v2\/types\/page"}],"author":[{"embeddable":true,"href":"https:\/\/www.gabriella-bugari.ch\/index.php?rest_route=\/wp\/v2\/users\/1"}],"replies":[{"embeddable":true,"href":"https:\/\/www.gabriella-bugari.ch\/index.php?rest_route=%2Fwp%2Fv2%2Fcomments&post=27"}],"version-history":[{"count":14,"href":"https:\/\/www.gabriella-bugari.ch\/index.php?rest_route=\/wp\/v2\/pages\/27\/revisions"}],"predecessor-version":[{"id":375,"href":"https:\/\/www.gabriella-bugari.ch\/index.php?rest_route=\/wp\/v2\/pages\/27\/revisions\/375"}],"wp:attachment":[{"href":"https:\/\/www.gabriella-bugari.ch\/index.php?rest_route=%2Fwp%2Fv2%2Fmedia&parent=27"}],"curies":[{"name":"wp","href":"https:\/\/api.w.org\/{rel}","templated":true}]}}